u + 2*b + 4 + q, -u - 14 = 2*b. Let o(f) = -12 - 19*f + 9*f + 3*f + 5*f. Determine o(u).
4
Let o = 35 + -7. Let a = 31 - o. Let b(v) = -1199*v**2 - 4 - v - v + 1201*v**2. Give b(a).
8
Let z = -206 - -170. Let a(r) = -r - 38. What is a(z)?
-2
Let g(s) = 5*s**3 - 7*s**2 + s + 78. Let d(c) = -4*c**3 + 5*c**2 - c - 61. Let b(o) = 9*d(o) + 7*g(o). Let n be 1/(-2) + 28/8. Let k = n - 6. Calculate b(k).
-6
Let w(m) be the first derivative of -m**2/2 + 9*m - 3. Suppose 38*l = 5746 + 3032. Suppose 0 = l*v - 238*v + 49. Determine w(v).
2
Let d(r) be the first derivative of r**6/360 + r**5/20 + 5*r**4/24 + r**3/3 - 1. Let x(k) be the third derivative of d(k). Let v = -4790 + 4784. Give x(v).
5
Let f(b) = 5*b**3 - 17*b**2 + 34*b + 108. Let q(s) = -8*s**3 + 26*s**2 - 51*s - 162. Let p(u) = 11*f(u) + 7*q(u). Calculate p(-6).
-12
Let c be 11/22*(20 - -2). Let a(l) be the first derivative of -l**4/4 + 11*l**3/3 + 3*l**2/2 - 24*l + 327. Give a(c).
9
Let h(a) = 142*a**2 - 1. Let b(l) = 2658*l**2 - 19. Let f(c) = 3*b(c) - 56*h(c). Let r(x) = -x - 4. Let m be r(-3). What is f(m)?
21
Suppose 0 = -3*b + 3*h + 9, 10 = -b - 3*h + 1. Let o(n) = -6*n + 6*n + b + 0*n + n - 19. Give o(8).
-11
Let l(p) be the first derivative of -1/2*p**2 - 6*p + 4. Let t = -11 + 3. Calculate l(t).
2
Let c(m) be the third derivative of m**6/120 + m**5/60 - m**4/6 - 7*m**3/6 + 6*m**2 + 159*m. Determine c(-5).
-87
Let k(r) = -r**3 - 19*r**2 - 32*r + 34. Let s be k(-17). Suppose 21*c - 14*c + 14 = s. Let a(g) = 6*g + 1. Calculate a(c).
-11
Let y(q) be the first derivative of q**4/4 + 2*q**3 - 15*q**2/2 + 3*q + 1187. Calculate y(-8).
-5
Let f(d) = d**2 - 1. Let c be 4/(-6) - (-327)/(-9). Let g be (-10)/25 - 2002/(-55). Let i = c + g. What is f(i)?
0
Let i be 32 + -25 - (-20)/(-2). Let t(s) = -s**3 - 3*s**2 + 5*s + 5. Calculate t(i).
-10
Let a(y) = -3094 - 7*y - 3097 + 9271 - 3095. Calculate a(-6).
27
Let n(o) = 3*o**2 + 4*o - 4. Let c be n(1). Let p(x) = 1894*x**2 + 1894*x**2 + 3 - 3787*x**2 - c*x. Calculate p(5).
13
Let i(v) be the third derivative of 119*v**2 + 1/6*v**4 - 2/3*v**3 + 0*v - 1/12*v**5 + 0. Give i(3).
-37
Let q(c) = c**3 + 45*c**2 - 93*c + 40. Let j be q(-47). Let i(r) = 7*r - 16. What is i(j)?
-65
Let a be (8/(-20))/(2/(-10)). Let r(t) = -129 + 113 + 2*t**2 + 14. Calculate r(a).
6
Let d(i) = -3*i - 2*i + 7*i - 3*i. Let a be d(-3). Let w(v) = -5*v + v**a - 1 - 6*v**2 + 0*v**2 - 2*v**3. Calculate w(-5).
-1
Let p(l) = -5*l - 52. Let c be 273/(-14)*20/30*1. Determine p(c).
13
Let g(r) = 12*r**2 - 5*r - 7. Let u be g(-2). Let z(n) = -6*n**2 - u + n**3 + 3*n**2 + 47 - n. Calculate z(4).
8
Let r(a) be the first derivative of a**3/3 + 2*a**2 + 16*a - 236. Calculate r(-6).
28
Let k(c) be the second derivative of 0*c**2 + 10*c + 0 + 1/2*c**3. Let n be (4/10)/(18/45). Calculate k(n).
3
Suppose 0 = -47*o - 20*o + 114 - 449. Let x(v) = -5*v + 20. Determine x(o).
45
Let z = 139 - 136. Suppose -p + 4*n + 20 = -0*n, z*n + 12 = 0. Let x(q) = q**3 - 5*q**2 + 3*q + 3. What is x(p)?
-1
Let z(k) = -k + 4. Suppose 0*m - 5 = -3*m - 2*b, -4*m + 5*b = 1. Let j be m + -5 - (-15 - (0 + -4)). Calculate z(j).
-3
Suppose 3*s + 30 = -3*u, 5*s + 3*u + 34 = 2*u. Let g(d) = -d**2 - 11*d - 1. Give g(s).
29
Let k(o) be the third derivative of -o**6/120 - o**5/15 + o**4/24 + 2*o**3/3 - 304*o**2. What is k(-2)?
-6
Let p(j) = -277*j**3 - 4*j - 270*j**3 + 821*j**3 - 275*j**3 - 52 - 18*j**2. Calculate p(-18).
20
Let l(s) = s**3 + 3*s**2 - 2*s + 1. Let o be l(-4). Let t = o - -10. Suppose -t*p + 1 + 17 = 0. Let u(f) = f**2 - 9*f + 9. What is u(p)?
-9
Let p(j) = 5*j**3 - j**2 - 2*j - 1. Let q = -51 + 29. Let d(l) = 2*l**2 + 44*l - 1. Let w be d(q). Determine p(w).
-5
Let g(l) = l + 6. Suppose -2*m - 13 - 37 = 5*x, -43*x - 430 = -2*m. Give g(x).
-4
Suppose 9*q - 202 = -157. Suppose -r = q*o + 32, o + 1 = -4. Let i(l) = -l + 2. Give i(r).
9
Let u(g) be the second derivative of g**6/360 - 11*g**5/60 - 157*g**4/6 + 47*g. Let d(o) be the third derivative of u(o). Determine d(12).
2
Let o(b) be the first derivative of b**4/4 + 7*b**3/3 - b**2 + 5*b + 1722. Determine o(-8).
-43
Suppose -5*o = -6*o - w - 59, -2*w - 289 = 5*o. Let x = o - -79. Let l be (-18)/30 + x/(-5). Let j(g) = -g**2 - 8*g - 3. What is j(l)?
12
Let a(z) = -2*z**3 + 2*z**2 - 4*z + 9. Suppose 77 = 5*c - 68 + 130. What is a(c)?
-39
Let x(d) = 644*d + 3 + 572*d - 4 - 1225*d. What is x(1)?
-10
Suppose -44 = -7*l - 30. Let m(d) = 3*d**2 - 11*d + 13. Let h be m(l). Let t(a) = 2*a - 4. What is t(h)?
2
Let k(f) = 7*f - 42. Suppose 23*y = 84*y - 373 - 115. Give k(y).
14
Let m(y) = y**2 - 5*y + 2. Suppose -2*w - w + 36 = 0. Let d be (w/(-9))/(1/(-6)). Suppose -d = -20*i + 18*i. Calculate m(i).
-2
Let l(s) = -11*s - 324. Let c = -582 - -553. Let j be l(c). Let h(t) = t**3 + 3*t**2 - 6*t + 7. What is h(j)?
-13
Let p(w) = 21*w**3 + 30*w**2 - 48*w - 9. Let z(g) = 4*g**3 + 6*g**2 - 9*g - 2. Let y(u) = 2*p(u) - 11*z(u). What is y(-3)?
-5
Let u(q) be the second derivative of q**5/20 - q**4/4 - 2*q**3 + 7*q**2 - 1832*q + 2. Give u(1).
0
Let m(z) = z**3 + 11*z**2 - 2*z + 122. Let s be m(-12). Let w(n) = 2*n**2 + 3*n**2 - 4*n**s - 10 + n + 7. Determine w(-3).
3
Let l(c) = -c**2 - 52*c + 148. Let u(g) = -g**2 - 49*g + 148. Let m(y) = -5*l(y) + 6*u(y). Give m(-38).
-4
Let w(v) = 21*v**3 + v**2 + 3. Let z be w(2). Let p(k) = -82 - 88 + z + k. Suppose 14*h = 17*h + 18. What is p(h)?
-1
Let c(u) = -56*u**3 - 1. Let j be c(-1). Let p = j + -38. Let w = p + -22. Let b(i) = -i**3 - 7*i**2 - 8*i - 5. Give b(w).
-15
Let b(a) = a**2 - a - 7. Suppose 257 = -5*k + w, 2*k + 4*w - 196 = 6*k. Let u = k + 58. Give b(u).
23
Let u(h) = -4 - 4*h - 2*h - 5*h. Suppose -39*l + 168 - 324 = 0. Determine u(l).
40
Let n(g) be the second derivative of -g**4/6 - 23*g**3/6 - 17*g**2/2 - 2*g - 719. Determine n(-11).
-6
Let u(k) be the third derivative of k**5/15 + k**4/8 + 4*k**2. Let i be ((-15)/6)/((-1)/(-2)) - -3. What is u(i)?
10
Let u(n) be the third derivative of -n**6/120 - 7*n**5/60 + n**4/4 - 7*n**3/6 - 169*n**2 - 5. Suppose -5*r = 5*z + 60, 4*r + 40 = -0*r - 2*z. What is u(r)?
9
Let l(k) = 5*k**2 + 6*k + 2. Let i(g) = -g**2 - g. Let n(w) = -4*i(w) - l(w). Let u(r) = 133*r - 268. Let a be u(2). What is n(a)?
-2
Suppose 0 = i - 4*g + g + 7, -3*i + 5 = 4*g. Let t(w) be the third derivative of w**5/15 + w**4/12 + w**3/6 + 3*w**2 - 13*w. Determine t(i).
3
Suppose 0 = 4*o - 3*k + 25, o + k + 347 - 339 = 0. Let r(t) = t**3 + 9*t**2 + 14*t - 3. Give r(o).
-3
Let l(o) = -o**3 - 16*o**2 - 50*o + 3. Let z be l(-5). Let m(b) = -b**2 - 18*b + 76. Give m(z).
-12
Let i(u) = -u**2 - 2*u + 22. Let s = 1349 - 1342. Calculate i(s).
-41
Let k(p) be the first derivative of -p**4/4 + 10*p**3/3 + 6*p**2 - 17*p - 87. Let u be k(11). Let r(h) = -h - 9. What is r(u)?
-3
Let a(n) be the second derivative of 1/6*n**3 - 88*n - 9*n**2 + 0. Calculate a(10).
-8
Let c(d) = -d**2 + 8*d + 2. Let s(t) = 4*t**3 - 37*t**2 + 7*t + 5. Let a be s(9). Let h be -12*((-156)/(-18))/a. Determine c(h).
2
Let g be (-4)/(8/(-42))*10/30. Let z(a) = -46*a + 40*a + a**3 - g + 1 - 1 - 7*a**2. Determine z(8).
9
Let u be (55/20 - 1)/((-13)/52). Let f(z) = -z**2 - 5*z - 6. Calculate f(u).
-20
Let q = -394 - -389. Let f(b) = -2*b**2 + b - 5. Let p(r) = 4*r**2 - 2*r + 8. Let t(x) = q*f(x) - 3*p(x). Let i = -3 - -2. Give t(i).
-2
Suppose 0 = -2*z + 2*q + 10, 47*q = -5*z + 46*q + 19. Let s(w) = -4*w**2 + 21*w + 4. Give s(z).
24
Let w(b) = -b**2 - 4*b - 9. Let a be w(-3). Let g(y) = y**2 + 8*y + 9. Let j be g(a). Let r(q) = 7*q. Give r(j).
-21
Let t(q) = -q**2 - 4*q - 2. Let x = -15 - -27. Let r be 2/((-8)/(-36)) - x. What is t(r)?
1
Let m = -213 + 225. Let x(d) = -13*d**3 + m*d**3 - 4*d + 6*d**2 - 18 + 18. Give x(5).
5
Let b(t) = t**3 - 18*t**2 + 2*t - 47. Let n(c) = 6*c + 210. Let h be n(-32). Let w be b(h). Let g(p) = p + 13. Determine g(w).
2
Let i(k) be the second derivative of -k**4/12 + 3*k**3/2 - 7*k**2/2 - 2*k - 43. Let m be 135/17 - 84/(-1428). Calculate i(m).
1
Suppose -4*j - 5*l = -22, 5*j + 4*l = 2*l + 19. Let c(o) = o**2 - 3*o**2 + 8 + 2 - 11*o + j*o**2. Give c(9).
-8
Suppose -4*v - 12 = -t, 7*t = 12*t - 5*v. Let q(l) = -37*l - 152. Give q(t).
-4
Let m(w) = -w**3 + w**2 + 2*w + 3. Suppose 0 = 5*q - 93 + 8. Suppose -q - 43 = -20*f. Determin